{"id":846,"date":"2026-02-01T11:49:20","date_gmt":"2026-02-01T10:49:20","guid":{"rendered":"https:\/\/blog.lapalmaexplorers.net\/?page_id=846"},"modified":"2026-02-01T17:32:01","modified_gmt":"2026-02-01T16:32:01","slug":"reisetagebuch-2","status":"publish","type":"page","link":"https:\/\/blog.lapalmaexplorers.net\/","title":{"rendered":"REISETAGEBUCH des Freundeskreises"},"content":{"rendered":"\n<h3 class=\"wp-block-heading has-text-align-left\"><\/h3>\n\n\n\n<p><a href=\"https:\/\/blog.lapalmaexplorers.net\/?p=851\">\ud83d\udc49 Zum G\u00e4stebuch<\/a><\/p>\n\n\n\n<p class=\"has-text-align-left\">\ud83c\udde9\ud83c\uddea <strong>Liebe Freunde,<\/strong><\/p>\n\n\n\n<p class=\"has-text-align-left\">dies ist das <em>&#8222;neue&#8220;<\/em> <strong>REISETAGEBUCH<\/strong> des <strong><u>LA PALMA EXPLORERS Freundeskreises<\/u><\/strong>. <\/p>\n\n\n\n<p class=\"has-text-align-left\">Noch finde ich mich nicht wirklich in der Navigation zurecht, da sich wieder einmal Vieles ver\u00e4ndert hat und ich nicht st\u00e4ndig die Zeit daf\u00fcr habe, mich neu einzuarbeiten &#8211;<br>man findet jetzt die aktuellen Eintr\u00e4ge unter den \u00dcberschriften oben (&#8222;MEN\u00dc&#8220;), und unter <strong>KENIA 2026<\/strong> k\u00f6nnt Ihr unsere derzeitige Expedition in die Wildnis Ostafrikas quasi in Echtzeit mitverfolgen.  <\/p>\n\n\n\n<p class=\"has-text-align-left\">Es wird noch eine Weile dauern, bis nach der letztj\u00e4hrigen Schrottung unserer Website und deren m\u00fchsamer Wiederherstellung hier alles wieder sortiert und aktualisiert ist &#8211; <br>bis dahin bitte ich um Verst\u00e4ndnis, dass ich zurzeit mit den aktuellen Gruppen voll ausgelastet bin und mich um die &#8222;Versch\u00f6nerung&#8220; der Website bei anderer Gelegenheit k\u00fcmmern muss.  <\/p>\n\n\n\n<p class=\"has-text-align-left\">Viel Spa\u00df dennoch beim bislang noch etwas rudiment\u00e4ren &#8222;virtuellen Mitreisen&#8220;, <br><em><strong>Thomas<\/strong><\/em><\/p>\n\n\n\n<p class=\"has-text-align-left\"><br><\/p>\n\n\n\n<p class=\"has-text-align-left\">dies war hier mal die Website des <strong><u>LA PALMA EXPLORERS Freundeskreises<\/u><\/strong>.<br><br>Nachdem sich unser Freundeskreis auf dieser Seite 20 Jahre lang organisiert hat und sie auf \u00fcber 300 Einzelseiten angewachsen war, nahm der Betreiber IONOS den Inhalt anl\u00e4sslich einer Tarifumstellung irrt\u00fcmlich <strong>offline<\/strong> &#8211; und hat es seither trotz meiner vielf\u00e4ltigen Interventionen nicht geschafft, ihn wieder online zu stellen: Angeblich hatten sie dort nicht einmal eine Sicherungskopie erstellt, so dass der Inhalt nun unwiederbringlich verloren sei. Im \u00dcbrigen keinerlei Hilfe oder gar Verantwortungs\u00fcbernahme von dort \u2013 so viel zu den &#8222;Fachleuten&#8220; beim Betreiber. Da wir zurzeit teils mit Gruppen in Afrika und S\u00fcdostasien unterwegs sind, kann ich mich erst nach unserer R\u00fcckkehr genauer darum k\u00fcmmern. <br><br>Immerhin ist es einem Freund jetzt gelungen, auf dem zun\u00e4chst schwarz gebliebenen Webspace diese WordPress-Seite einzurichten, auf dem ich nun zumindest diese Erl\u00e4uterung hier sichtbar machen und sogar wieder ein rudiment\u00e4res <strong>Reisetagebuch<\/strong> (s.o.) erstellen kann.<\/p>\n\n\n\n<p class=\"has-text-align-center\">Also: <strong>ES GIBT UNS NOCH &#8211;<\/strong><\/p>\n\n\n\n<p class=\"has-text-align-left\">erreichbar freilich zurzeit nur per <strong>Email<\/strong> <br><strong><strong><a href=\"mailto:mail@lapalmaexplorers.net\">mail@lapalmaexplorers.net<\/a><\/strong> <\/strong>und <strong><strong><a href=\"mailto:thomas@lapalmaexplorers.net\">thomas@lapalmaexplorers.net<\/a><\/strong><\/strong> <br>sowie per <strong>WhatsApp<\/strong> unter <strong><strong><u>+49 172 172 0264<\/u><\/strong><\/strong><\/p>\n\n\n\n<p class=\"has-text-align-left\"><em><strong>Update:<\/strong> Ich will versuchen, ab 12.04.25 unser <\/em><a href=\"https:\/\/blog.lapalmaexplorers.net\/reisetagebuch\/\" data-type=\"page\" data-id=\"50\"><em><strong><strong><em><u>Indonesien-Reisetagebuch<\/u><\/em><\/strong><\/strong> hier einzustellen: Bitte <strong>hier<\/strong> oder ganz oben <\/em>(Men\u00fc)<em> <\/em><sup>&#8222;<\/sup><strong>Reisetagebuch<\/strong><sup>&#8222;<\/sup><\/a><em> anklicken.<\/em><\/p>\n\n\n\n<p class=\"has-text-align-center\">_______________________________________________________<\/p>\n\n\n\n<p><\/p>\n\n\n\n<p>\ud83c\uddec\ud83c\udde7 <strong> Dear Friends,<br><\/strong>This web space once hosted the website of the <strong><u>LA PALMA EXPLORERS circle of friends<\/u><\/strong> for over 20 years. <\/p>\n\n\n\n<p>Unfortunately, the website operator accidentally took it offline and cannot put it back online because he apparently didn\u2019t create a backup.&nbsp; Since we are currently traveling with groups in Africa and Southeast Asia, I cannot cover this topic at this time.<\/p>\n\n\n\n<p class=\"has-text-align-center\">But in fact <strong>WE STILL EXIST<\/strong> &#8211;  <\/p>\n\n\n\n<p>even if you can currently only reach us by <strong>email<\/strong><br><strong><u><strong><a href=\"mailto:mail@lapalmaexplorers.net\">mail@lapalmaexplorers.net<\/a><\/strong> <\/u><\/strong> and <strong><u><strong><a href=\"mailto:thomas@lapalmaexplorers.net\">thomas@lapalmaexplorers.net<\/a><\/strong><\/u><\/strong><br>as well as by <strong>WhatsApp<\/strong> at <strong><u>+49 172 172 0264<\/u><\/strong><\/p>\n\n\n\n<p class=\"has-text-align-center\">_______________________________________________________<\/p>\n\n\n\n<p><\/p>\n\n\n\n<p>\ud83c\uddea\ud83c\uddf8 <strong>Queridos amigos,<br><\/strong>este sitio web alberg\u00f3 durante m\u00e1s de 20 a\u00f1os la p\u00e1gina web de los amigos senderistas de <strong>LA PALMA EXPLORERS.<\/strong><\/p>\n\n\n\n<p>Desafortunadamente, el operador del sitio web lo desconect\u00f3 accidentalmente y no puede volver a ponerlo en l\u00ednea porque aparentemente no cre\u00f3 una copia de seguridad.&nbsp; Dado que actualmente estamos viajando con grupos en \u00c1frica y el Asia sudeste, no puedo abordar este tema en este momento.<\/p>\n\n\n\n<p class=\"has-text-align-center\"><strong>\u00a1<\/strong>Pero a\u00fan <strong>EXISTIMOS y SEGUIMOS VIVOS!<\/strong><\/p>\n\n\n\n<p>Por lo tanto, actualmente solo pueden contactarnos por <strong>correo electr\u00f3nico<\/strong> a<br><strong><a href=\"mailto:mail@lapalmaexplorers.net\">mail@lapalmaexplorers.net<\/a><\/strong> y <strong><a href=\"mailto:thomas@lapalmaexplorers.net\">thomas@lapalmaexplorers.net<\/a><\/strong>,<br>as\u00ed como por <strong>WhatsApp<\/strong> al <strong><u>+49 172 172 0264<\/u><\/strong>.<\/p>\n\n\n\n<p><\/p>\n","protected":false},"excerpt":{"rendered":"<p>\ud83d\udc49 Zum G\u00e4stebuch \ud83c\udde9\ud83c\uddea Liebe Freunde, dies ist das &#8222;neue&#8220; REISETAGEBUCH des LA PALMA EXPLORERS Freundeskreises. Noch finde ich mich nicht wirklich in der Navigation zurecht, da sich wieder einmal Vieles ver\u00e4ndert hat und ich nicht st\u00e4ndig die Zeit daf\u00fcr habe, mich neu einzuarbeiten &#8211;man findet jetzt die aktuellen Eintr\u00e4ge unter den \u00dcberschriften oben (&#8222;MEN\u00dc&#8220;), [&hellip;]<\/p>\n","protected":false},"author":1,"featured_media":0,"parent":0,"menu_order":0,"comment_status":"closed","ping_status":"closed","template":"","meta":{"footnotes":""},"class_list":["post-846","page","type-page","status-publish","hentry"],"_links":{"self":[{"href":"https:\/\/blog.lapalmaexplorers.net\/index.php?rest_route=\/wp\/v2\/pages\/846","targetHints":{"allow":["GET"]}}],"collection":[{"href":"https:\/\/blog.lapalmaexplorers.net\/index.php?rest_route=\/wp\/v2\/pages"}],"about":[{"href":"https:\/\/blog.lapalmaexplorers.net\/index.php?rest_route=\/wp\/v2\/types\/page"}],"author":[{"embeddable":true,"href":"https:\/\/blog.lapalmaexplorers.net\/index.php?rest_route=\/wp\/v2\/users\/1"}],"replies":[{"embeddable":true,"href":"https:\/\/blog.lapalmaexplorers.net\/index.php?rest_route=%2Fwp%2Fv2%2Fcomments&post=846"}],"version-history":[{"count":4,"href":"https:\/\/blog.lapalmaexplorers.net\/index.php?rest_route=\/wp\/v2\/pages\/846\/revisions"}],"predecessor-version":[{"id":856,"href":"https:\/\/blog.lapalmaexplorers.net\/index.php?rest_route=\/wp\/v2\/pages\/846\/revisions\/856"}],"wp:attachment":[{"href":"https:\/\/blog.lapalmaexplorers.net\/index.php?rest_route=%2Fwp%2Fv2%2Fmedia&parent=846"}],"curies":[{"name":"wp","href":"https:\/\/api.w.org\/{rel}","templated":true}]}}